11 = 0. Let w(i) = -1 - 2*i - 13*i**n + 4*i**2 + 0 + 5*i**2. Give w(-2).
-13
Let x(m) = m**2 - 9*m + 3. Let z(a) = 6*a + 1 - 3 - a**2 + 2*a. Let v(l) = 5*x(l) + 6*z(l). Let t(d) = d**3 + 15*d**2 + 5. Let c be t(-15). Give v(c).
-7
Suppose -2*u - 10 = 3*u + 2*g, 0 = u - 2*g - 10. Suppose -2 = 4*s - 5*s - 3*v, -5*v - 6 = -3*s. Let w(b) = -2 - s*b - b + u*b - b. Determine w(-2).
6
Let d(l) = l**2 + 17*l + 34. Suppose 18*b = 33*b + 210. Give d(b).
-8
Let s(c) = 17 - 50 + 16 + 14 + 2*c - 6*c. Let h = -3 - -4. Let g be 6*h*(-2)/(-4). Give s(g).
-15
Let a(u) = -13*u**2 - 19*u - 2. Let k(j) = 11*j**2 + 17*j + 1. Let o(p) = 5*a(p) + 6*k(p). Calculate o(-7).
-4
Let u(g) = g**2 - 6*g - 5. Let b be 1*(21/3 - -1). Calculate u(b).
11
Let t(z) = -17 + 14 + 34*z**3 + 4*z**2 - 32*z**3 - 2*z + 4*z. Give t(-3).
-27
Let x(a) = -3*a + 4*a + 3 + 10*a + 16 - a**2. Let u be x(13). Let d(r) = r**2 + 8*r + 6. Calculate d(u).
-1
Let u be 1/(-13) + -4 + (-840)/(-104). Let x(f) be the third derivative of -f**6/120 + f**5/15 + f**4/24 - f**3/3 - f**2. Give x(u).
2
Let v(i) = -3*i - i + 16 - 6*i - 6 - 11. Determine v(-2).
19
Suppose -3*k - 4*r - 6 = 0, -16 = -5*k + 5*r - 3*r. Let f(c) = 3*c + 33. Let b(y) = -y - 13. Let d(h) = 5*b(h) + 2*f(h). Determine d(k).
3
Let c(n) = n. Let m(o) = -o**2 + 9*o + 6. Let r(i) = -i**3 - 4*i**2 - i - 1. Let b be r(-4). Let u be 6*b*(-1)/(-6). Let j(x) = u*c(x) - m(x). Calculate j(6).
-6
Let n(i) be the third derivative of i**4/12 + 7*i**3/3 - 3*i**2 + 3*i. Calculate n(-6).
2
Suppose 18 = -14*y + 20*y. Let p(k) be the third derivative of k**5/60 - k**4/4 - 2*k**3/3 + 2*k**2. Give p(y).
-13
Let w(r) = 5*r**2 - 2*r + 2. Let l = 116 + -113. Let y be l/(-4)*2*200/(-150). What is w(y)?
18
Let s = -4 + 19. Let f be (-2)/s*-10*(4 - 1). Let l(u) = u**2 - 3*u - 2. Calculate l(f).
2
Let p(m) be the first derivative of -m**6/360 - m**5/60 - m**4/24 + 5*m**3 - 1. Let k(g) be the third derivative of p(g). Give k(-3).
-4
Let b(x) = 2*x + 3*x**2 + 48*x**3 - 2 - 6*x + 3 - 49*x**3 + x**2. What is b(4)?
-15
Suppose 4*o + 1 = u, -3*o - 9*u + 6*u + 18 = 0. Let x(n) = n + 1. Let r(t) = 8*t + 2. Let s(b) = r(b) - x(b). Calculate s(o).
8
Let w(y) = -69*y. Suppose 4*h - 15*z + 11 = -20*z, 2*h - 4*z = 14. Give w(h).
-69
Let l(x) = x**3 + 7*x**2 - 8*x + 1. Let g be 162/(-18) - 2/(-2). Let u be l(g). Let k(a) = -5*a + 2. Let z be k(u). Let m(i) = -i**3 - 4*i**2 - i. Give m(z).
-6
Let x(f) = -f**3 - 13*f**2 - 43*f - 17. Let n be x(-8). Let b(y) = 3*y - 11. What is b(n)?
10
Let t(v) = 9*v + v**2 - 7 - 4 + 14 + 3*v. Determine t(-7).
-32
Let a(l) = -2*l**2 + 18*l + 14. Let u = 462 - 452. Give a(u).
-6
Let v(n) = 178*n**3 - 3*n + 4*n + 5 - 4*n**2 - 177*n**3. What is v(4)?
9
Let p(u) = -12*u**3 - 23*u**2 - 3*u - 17. Let r(c) = 5*c**3 + 11*c**2 + c + 9. Let l(s) = 3*p(s) + 7*r(s). Give l(8).
-4
Suppose 4*t + 5*r + 8 - 28 = 0, -3*t = 3*r - 12. Suppose -6*f - f + 28 = t. Suppose -13 = -f*d + 3. Let o(x) = x**3 - 3*x**2 - 5*x - 3. Give o(d).
-7
Let c(k) = -k**3 + 2*k**2 - 2. Let n(g) = g**2 - 2*g + 2. Let j be n(2). Suppose j*u - 7*d - 6 = -8*d, -2*d + 2 = -u. Calculate c(u).
-2
Let n(x) = -x**2 - x + 2. Let d(k) = -2*k**2 - 4*k + 4. Let g(f) = f**3 + 13*f**2 - 12*f + 25. Let i be g(-14). Let h be d(i). What is n(h)?
0
Let p(j) be the third derivative of -j**6/120 - j**5/15 - 5*j**4/24 - j**3/2 - j**2 - 96. Determine p(-4).
17
Let m(j) = -11*j**2 - 9*j - 5. Let r(n) = -2 - 5*n**2 + 3*n + 2*n - 6*n - 3*n. Let v(o) = 3*m(o) - 7*r(o). What is v(1)?
2
Let n(r) = -r**3 - 5*r**2 - 4*r - 1. Suppose 1 = -h - w - 0*w, 1 = 3*h + 4*w. Calculate n(h).
19
Let w = 32 - 19. Suppose w + 32 = 5*z. Let v(h) = -12 + 5*h**2 - 3*h**2 + z - h**3 + 2*h. What is v(2)?
1
Let b(x) = -3*x**2 + x + 1. Let k be 1*(-1)/1*1. Calculate b(k).
-3
Let j(w) = w. Let o be 7 + 2/((-10)/55). Determine j(o).
-4
Let b(m) = -m**3 - 2*m**2 + 8*m + 11. Let x(k) = -k**2 + k + 1. Let s(a) = b(a) - 6*x(a). Determine s(4).
13
Let y(x) = 51*x**2 + 51*x**2 + x + 3*x**3 + 49*x**2 - 2 - 154*x**2. What is y(2)?
12
Let p(m) = -m**2 + 7*m + 2. Let h be p(7). Suppose -4*x = 4*k + 84, 4*k + 3*x + 69 = h*x. Let j = k + 10. Let z(r) = 2*r + 5. Calculate z(j).
-7
Let n(b) = b**3 - b**2 - 4*b + 4. Let x be n(1). Let t(v) be the second derivative of 4*v**2 + 3*v + 1/3*v**3 + x. Determine t(-6).
-4
Let s = 0 - -5. Suppose 0*z - s*z = -10. Suppose -z*l - 3*i = 12, 6 = l - 2*l - 5*i. Let v(k) = k**2 + 6*k - 2. Determine v(l).
-2
Let w(l) = 5*l - 1. Let d(x) = x**2 + x + 1. Let b(t) = -2*t**2 + 4*t - 4. Let u(m) = b(m) + 3*d(m). Let n be u(-7). Determine w(n).
-6
Let q(s) = -s**3 - 2*s**2 - 4. Let g be q(-3). Suppose c - 3*u = 3 - 2, 21 = g*c + u. Let a(p) = -5 + c*p**2 - 7*p**2 - 3*p**2 - p**3. Calculate a(-6).
-5
Let f(o) = o**3 + o**2 - 8. Let y = -14 - 22. Let c be 2/(-4) + y/(-8). Suppose n = -c*n. Calculate f(n).
-8
Let l(o) = o + 2. Let a = -18 + 0. Suppose -264 = 235*w - 247*w. Let k = w + a. What is l(k)?
6
Let z(r) = -r + 1. Let b(h) = -h**3 - h**2 - 3*h - 8. Let s(w) = b(w) - 2*z(w). Let k = 48 + -48. Calculate s(k).
-10
Let h(k) = k**3 + 4*k**2 - 6*k - 5. Suppose -2*b - 27 = -3*b. Let o = b + -32. What is h(o)?
0
Let d(c) = 31*c**3 + 33*c**2 + 17*c + 37. Let n(v) = -7*v**3 - 8*v**2 - 4*v - 9. Let g(w) = 2*d(w) + 9*n(w). Let b = -31 - -25. Determine g(b).
5
Let f(q) be the first derivative of -q**4/24 - q**3/6 - 6*q**2 - 11. Let h(y) be the second derivative of f(y). Determine h(6).
-7
Let q(u) be the first derivative of -u**2 - 3*u + 89. Calculate q(-2).
1
Let r be (-1666)/17*(-4)/14. Let x(f) = f**3 - 26*f**2 - 56*f - 6. Calculate x(r).
-6
Suppose -k + 21 - 7 = 0. Suppose 0 = -5*y + 10, -2*d - d = -y + k. Let l(g) be the second derivative of g**4/12 + 7*g**3/6 + 5*g**2/2 + 83*g. Calculate l(d).
-7
Let k(d) = 5*d + 2. Let x = 28 - 25. Let z = x + -7. Let u be (-1)/z - 14/(-8). Calculate k(u).
12
Let y(c) = -10*c**3 + 26*c**2 - c - 3. Let j(a) = -38*a**3 + 98*a**2 - 3*a - 11. Let o(v) = -4*j(v) + 15*y(v). Give o(3).
26
Suppose -2*b = -b - 2. Suppose -3*x = 6, 0*a = 2*a + 2*x - b. Let y(u) = 7 + 2*u - 4 + 0 - 1. Calculate y(a).
8
Let d(c) = -c + 4. Let h(a) = -3*a + 9. Let s(t) = 9*d(t) - 4*h(t). Determine s(-1).
-3
Let y be 1 + -1 - (-1 + -1). Let s be -6*(-4)/(-16)*y. Let v be (-2)/s + 7/3. Let g(f) = f**3 - 4*f**2 + 5*f - 3. Determine g(v).
3
Let v be (-10)/6 + 3 - 1. Let w(k) be the second derivative of -1/10*k**5 + 0*k**4 + 0 + v*k**3 - 2*k + 1/2*k**2. Determine w(-1).
1
Let v be 42/12*(24/21)/2. Suppose y + x - 10 = -3*y, 3*x = -6. Let s(k) = -y*k**2 + 2*k**2 - 3*k**v + 2 + 2*k + 2*k**2. Determine s(-2).
-10
Let g(t) = 11*t**2 + 6. Let n(b) = 5*b**2 + 3. Suppose -4*u + 28 - 12 = 0. Let r(m) = u*g(m) - 9*n(m). Let k(l) = 2*l**2 - 16*l. Let j be k(8). Give r(j).
-3
Let t(w) be the third derivative of w**5/60 - w**4/2 + 7*w**3/2 + 153*w**2. Give t(9).
-6
Let j(i) = 0 - 7*i - i**2 + 7 + i. Let y be (-2 - 2) + -3 + (-3 - -10). Suppose -5*r - 5*m - 45 = y, 3*r - 2*r + 3*m + 15 = 0. What is j(r)?
7
Let c(o) = -20*o - 22*o + 40*o + 4. Suppose -5*d - 4*s = -25, 2*d - 3*s - 10 = -5*s. Suppose -3*b + 4*v = -0*v + d, -3*b + 5 = -2*v. Determine c(b).
-6
Suppose 0*q + 5*q - 30 = -5*v, 0 = -2*q - 3*v + 16. Let m(d) be the first derivative of d**3 - 3*d**2/2 + 2*d + 1. Give m(q).
8
Let a(g) = -19*g**3 + 18*g**2 - 16*g + 43. Let l(i) = 7*i**3 - 6*i**2 + 6*i - 15. Let c(z) = -4*a(z) - 11*l(z). Determine c(-6).
5
Let v(n) = 2*n**2 + 12*n - 16. Let y = 69 + -76. What is v(y)?
-2
Let p(f) = f**3 - 4*f**2 - 6*f - 3. Let j(w) = -5*w - 5. Let m be j(-2). Suppose -k + 2 - 8 = -3*z, 3*z - 6 = m*k. Suppose -5*s + 27 - z = 0. Calculate p(s).
-8
Let d(j) = j**3 + 8*j**2 - 8*j + 8. Suppose -3*y + 5 = -5*f, 2*y = -4*f - 0 + 18. Suppose y*o + b = -32 - 13, 4*b = 0. Give d(o).
-1
Let i(f) be the third derivative of f**7/840 - f**6/60 + f**5/20 - f**4/6 - 13*f**3/3 - 2*f**2. Let h(r) be the first derivative of i(r). Determine h(5).
1
Let b(s) = 7*s**3 - 7*s**2 + 3 - 13 + 2. Let p(w) = -13*w**3 + 14*w**2 - w + 16. Let m(j) = 11*b(j) + 6*p(j). Determine m(6).
8
Let x(f) = f**2 + 7*f + 11. Let d(l) = -l**3 + 10*l**2 - 29*l + 23. Let c be d(6). Determine x(c).
11
Let l(v) = -3*v**3 - 2*v**2 - 2*v - 1. Let o be l(-1). Let x(m) = -7*m - 1 - m**3 + 3 + 2 + 5*m**